mine r(46).
-25
Let u(y) = -y**2 + 1759*y - 190599. Give u(116).
-11
Let z(b) = 2327*b - 44620. Calculate z(19).
-407
Let b(v) = -477*v + 9102. Give b(10).
4332
Let k(b) = b**2 - 67*b - 937. Calculate k(-15).
293
Let h(d) = 340*d - 96189. What is h(283)?
31
Let t(y) = 3*y**3 - 993*y**2 - 957*y - 12960. Give t(332).
-12
Let t(p) = 17*p**2 - 933*p - 9728. Give t(64).
192
Let u(v) = 2*v**3 + 10*v**2 - 385*v + 1427. Give u(5).
2
Let p(w) = -53*w - 2865. Determine p(-39).
-798
Let s(z) = -2*z**3 - 238*z**2 + 26*z + 3362. What is s(-119)?
268
Let x(f) = f**3 - 72*f**2 + 1190*f - 594. Calculate x(24).
318
Let j(i) = 5*i**3 + 63*i**2 + 38*i + 336. Give j(-12).
312
Let z(o) = -9*o**3 - 26*o**2 + 8051*o + 8075. Give z(-1).
7
Let c(w) = 13897*w - 291829. What is c(21)?
8
Let t(a) = -3*a**2 + 47*a + 70820. Calculate t(-146).
10
Let d(a) = 3*a**3 + 64*a**2 - 72*a - 2835. What is d(-20)?
205
Let m(v) = 4*v**2 + 70*v + 673. Give m(-11).
387
Let l(y) = -y**3 + 63*y**2 + 195*y - 3749. Calculate l(65).
476
Let v(k) = -8*k**3 + 94*k**2 - 21*k + 8. Determine v(11).
503
Let f(x) = 2*x**3 - 109*x**2 - 570*x + 29. Give f(-5).
-96
Let j(k) = -k**2 - 235*k + 1217180. What is j(992)?
-4
Let c(s) = -s**3 - 8*s**2 - 44*s - 292. Give c(-10).
348
Let u(v) = -236*v - 65255. Determine u(-277).
117
Let b(k) = -2*k**3 + 310*k**2 - 607*k - 704. Calculate b(153).
61
Let p(j) = 1388*j - 16659. Determine p(12).
-3
Let b(m) = -3*m**3 + 19*m**2 - 382*m + 2631. Give b(7).
-141
Let m(t) = -68133*t + 7562758. Give m(111).
-5
Let m(l) = 73*l**3 - 792*l**2 + 8*l - 39. Calculate m(11).
1380
Let b(g) = -73*g**3 - 2196*g**2 - 477*g - 8902. Determine b(-30).
8
Let y(t) = 2*t**2 + 446*t + 5566. Calculate y(-12).
502
Let u(p) = -9*p**3 - 135*p**2 - 84*p - 1224. What is u(-15)?
36
Let k(d) = -89*d**2 + 650*d - 185. Determine k(7).
4
Let l(t) = -t**3 - 18*t**2 + 22337*t + 424036. Determine l(-19).
-6
Let v(s) = -s**3 + 43*s**2 - 422*s + 36. Give v(15).
6
Let x(g) = -1613*g**2 - 9702*g - 38. What is x(-6)?
106
Let r(u) = 689*u + 190815. Calculate r(-277).
-38
Let y(f) = -10*f**2 + 86*f + 539. Determine y(-6).
-337
Let j(v) = -v**3 - 45*v**2 + 3678*v + 165515. Calculate j(-45).
5
Let l(t) = t**3 - 19*t**2 - 311*t + 621. Give l(29).
12
Let v(y) = -1211*y - 70790. Calculate v(-58).
-552
Let j(v) = v**3 + v**2 - 89*v - 1621. Determine j(14).
73
Let q(t) = 4*t**2 + 3408*t - 76885. Determine q(22).
27
Let b(z) = -11776*z + 153107. What is b(13)?
19
Let g(l) = -669*l + 59652. Determine g(88).
780
Let q(u) = 7*u**2 + 226*u + 155. Calculate q(-17).
-1664
Let v(d) = -d**3 + 21*d**2 + 99*d - 1706. Determine v(20).
674
Let s(n) = 1345471*n - 4036420. Determine s(3).
-7
Let r(d) = 1527*d - 100768. What is r(66)?
14
Let y(u) = 2*u**2 + 610*u + 32460. Determine y(-236).
-108
Let l(m) = 233*m**2 + 14913*m - 16. Give l(-64).
-80
Let n(r) = -123*r**2 + 36*r + 147. Give n(-4).
-1965
Let y(s) = -s**3 + 27*s**2 - 7*s + 15. Determine y(7).
946
Let c(s) = -17*s**3 + 10*s + 3. Determine c(3).
-426
Let v(b) = b**3 - 52*b**2 + 208*b + 1241. Determine v(48).
2009
Let r(w) = 2959*w + 97814. Calculate r(-33).
167
Let a(y) = 181908*y + 545617. Calculate a(-3).
-107
Let y(p) = -326*p - 1324. Calculate y(-5).
306
Let a(s) = -s**3 - 10*s**2 + 11*s - 9. Calculate a(-11).
-9
Let m(v) = -29*v**2 + 897*v - 3. Give m(30).
807
Let n(x) = -4153*x + 453337. Calculate n(109).
660
Let h(t) = 2*t**3 - 55*t**2 - 111*t + 1333. What is h(30)?
2503
Let i(d) = 8655*d + 43525. Give i(-5).
250
Let t(r) = 2*r**2 + 144*r + 741. Determine t(-69).
327
Let o(i) = i**2 - 537*i + 43866. Determine o(100).
166
Let i(o) = -3552979*o + 24870869. Give i(7).
16
Let f(n) = 9*n**3 - 742*n**2 + 330*n - 134. Give f(82).
30
Let k(n) = -50*n**2 + 2746*n - 31154. What is k(16)?
-18
Let s(w) = 1543*w - 3094. Give s(2).
-8
Let f(k) = -285*k**2 - 6530*k + 585. What is f(-23)?
10
Let j(m) = m**2 + 67313*m - 2020283. Determine j(30).
7
Let v(y) = -9*y**2 - 253*y - 443. Calculate v(-24).
445
Let b(w) = w**3 - 66*w**2 + 683*w + 109. What is b(53)?
-209
Let m(u) = u**3 + 76*u**2 + 1284*u + 2700. Give m(-21).
-9
Let w(q) = -3314*q - 27607. Calculate w(-8).
-1095
Let l(w) = -w**3 - 132*w**2 - 2601*w - 215. What is l(-24)?
1
Let y(q) = q**3 - 51*q**2 - 5046*q - 397. Give y(101).
7
Let s(z) = -3*z**2 + 328*z - 3515. Calculate s(102).
-1271
Let b(o) = -o**3 - 8*o**2 - 2829*o - 11303. Calculate b(-4).
-51
Let n(o) = 4*o**2 + 1195*o - 59169. Determine n(-342).
-3
Let b(m) = -557*m - 26542. Calculate b(-49).
751
Let o(l) = -517*l - 10700. What is o(-20)?
-360
Let v(s) = -934*s - 606154. Calculate v(-649).
12
Let z(a) = -4188*a - 1620760. Give z(-387).
-4
Let w(n) = 2*n**2 + 151*n - 3803. Give w(20).
17
Let c(l) = l**2 - 10*l - 25300. Calculate c(164).
-44
Let i(n) = 3*n**3 - 289*n**2 + 928*n + 230. Give i(93).
44
Let m(h) = h**3 - 97*h**2 + 1525*h - 8134. What is m(79)?
3
Let m(x) = 2*x**3 + 101*x**2 - 7116*x - 109. Determine m(-90).
431
Let c(t) = 60*t**2 - 144*t - 10. Calculate c(4).
374
Let s(k) = 6*k**2 - 326*k + 3479. Determine s(17).
-329
Let a(x) = -286*x + 530. What is a(2)?
-42
Let k(g) = -g**3 - 39*g**2 + 821*g - 160. What is k(15)?
5
Let k(q) = 323*q**2 - 2991*q + 770. Determine k(9).
14
Let k(d) = -99*d**3 - 6*d**2 - 7*d - 4. What is k(-1)?
96
Let p(z) = 30*z**2 - 437*z + 192. Give p(17).
1433
Let a(l) = l**2 + 15239*l - 198279. What is a(13)?
-3
Let i(r) = -18521*r - 333344. Calculate i(-18).
34
Let y(q) = -q**3 - 815*q**2 - 47993*q + 53345. Determine y(-751).
24
Let v(t) = 2*t**3 - 92*t**2 + 9*t + 108. Give v(46).
522
Let i(v) = 6003*v - 1146576. Calculate i(191).
-3
Let r(f) = -9198*f + 110220. Give r(12).
-156
Let a(p) = p**3 + 90*p**2 - 327*p + 1220. Give a(-94).
-3386
Let o(x) = 12*x**2 - 4304*x - 1450. Determine o(359).
-14
Let r(i) = 216327*i + 216344. Calculate r(-1).
17
Let i(c) = 187*c**2 - 112582*c + 4817. Calculate i(602).
1
Let a(j) = 2*j**2 - 599*j + 42959. Determine a(118).
125
Let g(n) = 538415*n - 134603749. Calculate g(250).
1
Let c(k) = 2*k**3 + 223*k**2 - 6497*k - 162. What is c(24)?
6
Let q(u) = -450*u + 60632. Give q(140).
-2368
Let r(a) = -a**2 - 1010*a - 229433. Determine r(-345).
-8
Let r(l) = -663*l + 7015. What is r(10)?
385
Let u(x) = -23*x**2 + 183*x - 21. What is u(10)?
-491
Let q(i) = 9*i**3 - 66. Determine q(4).
510
Let u(r) = -r**3 - 61*r**2 - 163*r + 138. What is u(-58)?
-500
Let r(m) = -727*m + 44603. What is r(62)?
-471
Let r(v) = -87*v**2 + 1504*v + 6049. Determine r(-4).
-1359
Let k(t) = t**2 + 1821*t - 85900. Determine k(46).
-18
Let t(m) = -196428*m + 3732090. What is t(19)?
-42
Let y(f) = -3*f**2 + 415*f - 2050. Determine y(138).
-1912
Let w(o) = 1912*o - 187382. Determine w(98).
-6
Let n(h) = 22*h**2 - 285*h - 41. Give n(13).
-28
Let k(p) = -9*p**2 + 3106*p - 47711. Calculate k(329).
-6
Let n(s) = -3614*s - 18105. Give n(-5).
-35
Let v(s) = -62310*s - 1682360. Give v(-27).
10
Let u(h) = 23*h**2 - 3841*h - 75. Determine u(167).
-75
Let h(x) = 2*x**2 - 18836*x - 320784. Give h(-17).
6
Let b(g) = 39*g**2 - 324*g + 3. Determine b(7).
-354
Let u(g) = 2*g**3 + 58*g**2 - 29*g - 23. Calculate u(-6).
1807
Let l(t) = -51*t**2 - 734*t + 239. What is l(-14)?
519
Let l(f) = 28157*f + 28043. What is l(-1)?
-114
Let x(o) = -6*o**2 - 184*o - 1300. Determine x(-13).
78
Let k(u) = 18279*u + 437824. What is k(-24)?
-872
Let l(d) = 2*d**3 + 50*d**2 + 319*d + 345. Calculate l(-8).
-31
Let v(t) = 796*t**2 - 16713*t - 55. Give v(21).
8
Let q(h) = 89523*h + 447628. What is q(-5)?
13
Let l(k) = 50*k**3 + 249*k**2 - 298*k - 1458. Determine l(-5).
7
Let b(l) = l**3 + 1001*l**2 - 14232*l - 22336. Determine b(-1015).
-6
Let p(s) = 2*s**3 - 34*s**2 + 134*s - 52. What is p(12)?
116
Let s(u) = -13*u**2 + 248*u - 1157. Calculate s(8).
-5
Let v(h) = 4194*h - 142. Calculate v(0).
-142
Let j(p) = 4*p**2 + 2140*p + 70041. What is j(-35)?
41
Let j(n) = -n**2 + 140*n + 5726. What is j(-34)?
-190
Let c(s) = -9013*s - 27002. Give c(-3).
37
Let f(m) = -3*m**3 + 93*m**2 + 15*m - 507. Give f(31).
-42
Let n(a) = -4*a**3 + 64*a**2 - 175*a - 221. Determine n(12).
-17
Let x(p) = 158*p**2 + 418*p + 40. Determine x(-5).
1900
Let y(q) = q**3 - 14*q**2 - 263*q + 3448. Calculate y(18).
10
Let k(n) = n**3 + 88*n**2 - 764*n - 52499. Determine k(-90).
61
Let z(s) = -15541*s - 6